{"id":284,"date":"2024-06-22T00:59:56","date_gmt":"2024-06-22T00:59:56","guid":{"rendered":"https:\/\/sysopweb.com.mx\/arzyz\/?page_id=284"},"modified":"2024-06-22T01:23:48","modified_gmt":"2024-06-22T01:23:48","slug":"noticias","status":"publish","type":"page","link":"https:\/\/sysopweb.com.mx\/arzyz\/noticias\/","title":{"rendered":"Noticias"},"content":{"rendered":"\t\t<div data-elementor-type=\"wp-page\" data-elementor-id=\"284\" class=\"elementor elementor-284\" data-elementor-post-type=\"page\">\n\t\t\t\t\t\t<section class=\"elementor-section elementor-top-section elementor-element elementor-element-311a343 elementor-section-height-min-height elementor-section-boxed elementor-section-height-default elementor-section-items-middle\" data-id=\"311a343\" data-element_type=\"section\" data-settings=\"{&quot;background_background&quot;:&quot;classic&quot;}\">\n\t\t\t\t\t\t\t<div class=\"elementor-background-overlay\"><\/div>\n\t\t\t\t\t\t\t<div class=\"elementor-container elementor-column-gap-default\">\n\t\t\t\t\t<div class=\"elementor-column elementor-col-100 elementor-top-column elementor-element elementor-element-4d86402\" data-id=\"4d86402\" data-element_type=\"column\">\n\t\t\t<div class=\"elementor-widget-wrap elementor-element-populated\">\n\t\t\t\t\t\t<div class=\"elementor-element elementor-element-0797c8f elementor-widget__width-inherit elementor-widget elementor-widget-hub_fancy_heading\" data-id=\"0797c8f\" data-element_type=\"widget\" data-widget_type=\"hub_fancy_heading.default\">\n\t\t\t\t<div class=\"elementor-widget-container\">\n\t\t\t\n\t\t<div id=\"ld-fancy-heading-69e378af97004\" class=\"ld-fancy-heading pos-rel\">\n\t\t\t<h1 class=\"ld-fh-element d-inline-block pos-rel  elementor-heading-title lqd-highlight-classic lqd-highlight-grow-left h1\"  > <b>Noticias<\/b><\/h1>\t\t<\/div>\n\n\t\t\t\t<\/div>\n\t\t\t\t<\/div>\n\t\t\t\t\t<\/div>\n\t\t<\/div>\n\t\t\t\t\t<\/div>\n\t\t<\/section>\n\t\t<div class=\"elementor-element elementor-element-6c97256 e-flex e-con-boxed e-con e-parent\" data-id=\"6c97256\" data-element_type=\"container\">\n\t\t\t\t\t<div class=\"e-con-inner\">\n\t\t\t\t<div class=\"elementor-element elementor-element-23d49ab elementor-widget elementor-widget-ld_blog\" data-id=\"23d49ab\" data-element_type=\"widget\" data-widget_type=\"ld_blog.default\">\n\t\t\t\t<div class=\"elementor-widget-container\">\n\t\t\t<div class=\"lqd-lp-grid 23d49ab blog-id-37570987 \"><div class=\"lqd-lp-row row pos-rel d-flex flex-wrap\" ><div class=\"lqd-lp-column d-flex flex-column col-md-6 col-sm-6 expo\"><article id=\"post-795\" class=\"lqd-lp pos-rel lqd-lp-style-3 text-start post-795 post type-post status-publish format-standard has-post-thumbnail hentry category-expo\"><div class=\"lqd-lp-img mb-5\"><figure class=\"pos-rel overflow-hidden border-radius-6\"><img fetchpriority=\"high\" decoding=\"async\" width=\"700\" height=\"450\" src=\"https:\/\/sysopweb.com.mx\/arzyz\/wp-content\/uploads\/2024\/09\/1717711679549-700x450.jpeg\" class=\"w-100 wp-post-image\" alt=\"\" itemprop=\"image\" \/><div class=\"lqd-overlay d-flex align-items-center justify-content-center\">\n\t\t\t<div class=\"lqd-overlay lqd-overlay-bg\"><\/div>\n\t\t\t<i class=\"lqd-icn-ess icon-md-arrow-forward\"><\/i>\n\t\t<\/div><\/figure><\/div><header class=\"lqd-lp-header\">\n\t<div class=\"lqd-lp-meta lqd-lp-meta-dot-between d-flex flex-wrap align-items-center font-weight-bold text-uppercase ltr-sp-1\">\n\t\t<span class=\"screen-reader-text\">Tags <\/span><ul class=\"lqd-lp-cat reset-ul inline-ul pos-rel z-index-3\"><li><a href=\"https:\/\/sysopweb.com.mx\/arzyz\/category\/expo\/\" rel=\"category\">Expo<\/a><\/li><\/ul>\t\t<time class=\"lqd-lp-date\" datetime=\"2024-09-02T18:43:01+00:00\">2 a\u00f1os ago<\/time>\t<\/div>\n\t<h2 class=\"entry-title lqd-lp-title h5 mt-3 mb-0\"><a  href=\"https:\/\/sysopweb.com.mx\/arzyz\/implementacion-sap\/\" rel=\"bookmark\">Chicago Cubs<\/a><\/h2><\/header>\n<a  href=\"https:\/\/sysopweb.com.mx\/arzyz\/implementacion-sap\/\" class=\"lqd-lp-overlay-link lqd-overlay lqd-cc-label-trigger z-index-2\" tab-index=\"-1\"><\/a>\n<\/article><\/div><div class=\"lqd-lp-column d-flex flex-column col-md-6 col-sm-6 celebraciones\"><article id=\"post-788\" class=\"lqd-lp pos-rel lqd-lp-style-3 text-start post-788 post type-post status-publish format-standard has-post-thumbnail hentry category-celebraciones\"><div class=\"lqd-lp-img mb-5\"><figure class=\"pos-rel overflow-hidden border-radius-6\"><img decoding=\"async\" width=\"700\" height=\"450\" src=\"data:image\/svg+xml;charset=utf-8,%3Csvg xmlns%3D&#039;http%3A%2F%2Fwww.w3.org%2F2000%2Fsvg&#039; viewBox%3D&#039;0 0 700 450&#039;%2F%3E\" class=\"w-100 ld-lazyload wp-post-image\" alt=\"\" itemprop=\"image\" data-src=\"https:\/\/sysopweb.com.mx\/arzyz\/wp-content\/uploads\/2024\/09\/foto-700x450.jpg\" data-aspect=\"1.5555555555556\" \/><div class=\"lqd-overlay d-flex align-items-center justify-content-center\">\n\t\t\t<div class=\"lqd-overlay lqd-overlay-bg\"><\/div>\n\t\t\t<i class=\"lqd-icn-ess icon-md-arrow-forward\"><\/i>\n\t\t<\/div><\/figure><\/div><header class=\"lqd-lp-header\">\n\t<div class=\"lqd-lp-meta lqd-lp-meta-dot-between d-flex flex-wrap align-items-center font-weight-bold text-uppercase ltr-sp-1\">\n\t\t<span class=\"screen-reader-text\">Tags <\/span><ul class=\"lqd-lp-cat reset-ul inline-ul pos-rel z-index-3\"><li><a href=\"https:\/\/sysopweb.com.mx\/arzyz\/category\/celebraciones\/\" rel=\"category\">Celebraciones<\/a><\/li><\/ul>\t\t<time class=\"lqd-lp-date\" datetime=\"2024-09-02T18:33:58+00:00\">2 a\u00f1os ago<\/time>\t<\/div>\n\t<h2 class=\"entry-title lqd-lp-title h5 mt-3 mb-0\"><a  href=\"https:\/\/sysopweb.com.mx\/arzyz\/wellness-center\/\" rel=\"bookmark\">Integraci\u00f3n Vertical<\/a><\/h2><\/header>\n<a  href=\"https:\/\/sysopweb.com.mx\/arzyz\/wellness-center\/\" class=\"lqd-lp-overlay-link lqd-overlay lqd-cc-label-trigger z-index-2\" tab-index=\"-1\"><\/a>\n<\/article><\/div><div class=\"lqd-lp-column d-flex flex-column col-md-6 col-sm-6 foro\"><article id=\"post-763\" class=\"lqd-lp pos-rel lqd-lp-style-3 text-start post-763 post type-post status-publish format-standard has-post-thumbnail hentry category-foro\"><div class=\"lqd-lp-img mb-5\"><figure class=\"pos-rel overflow-hidden border-radius-6\"><img decoding=\"async\" width=\"700\" height=\"450\" src=\"data:image\/svg+xml;charset=utf-8,%3Csvg xmlns%3D&#039;http%3A%2F%2Fwww.w3.org%2F2000%2Fsvg&#039; viewBox%3D&#039;0 0 700 450&#039;%2F%3E\" class=\"w-100 ld-lazyload wp-post-image\" alt=\"\" itemprop=\"image\" data-src=\"https:\/\/sysopweb.com.mx\/arzyz\/wp-content\/uploads\/2024\/08\/content-2-700x450.jpg\" data-srcset=\"https:\/\/sysopweb.com.mx\/arzyz\/wp-content\/uploads\/2024\/08\/content-2-700x450.jpg 700w, https:\/\/sysopweb.com.mx\/arzyz\/wp-content\/uploads\/2024\/08\/content-2-18x12.jpg 18w\" data-sizes=\"(max-width: 700px) 100vw, 700px\" data-aspect=\"1.5555555555556\" \/><div class=\"lqd-overlay d-flex align-items-center justify-content-center\">\n\t\t\t<div class=\"lqd-overlay lqd-overlay-bg\"><\/div>\n\t\t\t<i class=\"lqd-icn-ess icon-md-arrow-forward\"><\/i>\n\t\t<\/div><\/figure><\/div><header class=\"lqd-lp-header\">\n\t<div class=\"lqd-lp-meta lqd-lp-meta-dot-between d-flex flex-wrap align-items-center font-weight-bold text-uppercase ltr-sp-1\">\n\t\t<span class=\"screen-reader-text\">Tags <\/span><ul class=\"lqd-lp-cat reset-ul inline-ul pos-rel z-index-3\"><li><a href=\"https:\/\/sysopweb.com.mx\/arzyz\/category\/foro\/\" rel=\"category\">Foro<\/a><\/li><\/ul>\t\t<time class=\"lqd-lp-date\" datetime=\"2024-08-29T00:11:45+00:00\">2 a\u00f1os ago<\/time>\t<\/div>\n\t<h2 class=\"entry-title lqd-lp-title h5 mt-3 mb-0\"><a  href=\"https:\/\/sysopweb.com.mx\/arzyz\/foro-de-mujeres-2024\/\" rel=\"bookmark\">FORO DE MUJERES 2024<\/a><\/h2><\/header>\n<a  href=\"https:\/\/sysopweb.com.mx\/arzyz\/foro-de-mujeres-2024\/\" class=\"lqd-lp-overlay-link lqd-overlay lqd-cc-label-trigger z-index-2\" tab-index=\"-1\"><\/a>\n<\/article><\/div><div class=\"lqd-lp-column d-flex flex-column col-md-6 col-sm-6 celebraciones\"><article id=\"post-288\" class=\"lqd-lp pos-rel lqd-lp-style-3 text-start post-288 post type-post status-publish format-standard has-post-thumbnail hentry category-celebraciones\"><div class=\"lqd-lp-img mb-5\"><figure class=\"pos-rel overflow-hidden border-radius-6\"><img loading=\"lazy\" decoding=\"async\" width=\"700\" height=\"450\" src=\"data:image\/svg+xml;charset=utf-8,%3Csvg xmlns%3D&#039;http%3A%2F%2Fwww.w3.org%2F2000%2Fsvg&#039; viewBox%3D&#039;0 0 700 450&#039;%2F%3E\" class=\"w-100 ld-lazyload wp-post-image\" alt=\"\" itemprop=\"image\" data-src=\"https:\/\/sysopweb.com.mx\/arzyz\/wp-content\/uploads\/2024\/06\/content-3-700x450.jpg\" data-srcset=\"https:\/\/sysopweb.com.mx\/arzyz\/wp-content\/uploads\/2024\/06\/content-3-700x450.jpg 700w, https:\/\/sysopweb.com.mx\/arzyz\/wp-content\/uploads\/2024\/06\/content-3-18x12.jpg 18w\" data-sizes=\"(max-width: 700px) 100vw, 700px\" data-aspect=\"1.5555555555556\" \/><div class=\"lqd-overlay d-flex align-items-center justify-content-center\">\n\t\t\t<div class=\"lqd-overlay lqd-overlay-bg\"><\/div>\n\t\t\t<i class=\"lqd-icn-ess icon-md-arrow-forward\"><\/i>\n\t\t<\/div><\/figure><\/div><header class=\"lqd-lp-header\">\n\t<div class=\"lqd-lp-meta lqd-lp-meta-dot-between d-flex flex-wrap align-items-center font-weight-bold text-uppercase ltr-sp-1\">\n\t\t<span class=\"screen-reader-text\">Tags <\/span><ul class=\"lqd-lp-cat reset-ul inline-ul pos-rel z-index-3\"><li><a href=\"https:\/\/sysopweb.com.mx\/arzyz\/category\/celebraciones\/\" rel=\"category\">Celebraciones<\/a><\/li><\/ul>\t\t<time class=\"lqd-lp-date\" datetime=\"2024-06-22T01:04:15+00:00\">2 a\u00f1os ago<\/time>\t<\/div>\n\t<h2 class=\"entry-title lqd-lp-title h5 mt-3 mb-0\"><a  href=\"https:\/\/sysopweb.com.mx\/arzyz\/bienvenido-a-arzyz\/\" rel=\"bookmark\">\u00a1Celebramos el D\u00eda del Ni\u00f1o con alegr\u00eda y solidaridad!<\/a><\/h2><\/header>\n<a  href=\"https:\/\/sysopweb.com.mx\/arzyz\/bienvenido-a-arzyz\/\" class=\"lqd-lp-overlay-link lqd-overlay lqd-cc-label-trigger z-index-2\" tab-index=\"-1\"><\/a>\n<\/article><\/div><div class=\"lqd-lp-column d-flex flex-column col-md-6 col-sm-6 expo\"><article id=\"post-1\" class=\"lqd-lp pos-rel lqd-lp-style-3 text-start post-1 post type-post status-publish format-standard has-post-thumbnail hentry category-expo\"><div class=\"lqd-lp-img mb-5\"><figure class=\"pos-rel overflow-hidden border-radius-6\"><img loading=\"lazy\" decoding=\"async\" width=\"700\" height=\"450\" src=\"data:image\/svg+xml;charset=utf-8,%3Csvg xmlns%3D&#039;http%3A%2F%2Fwww.w3.org%2F2000%2Fsvg&#039; viewBox%3D&#039;0 0 700 450&#039;%2F%3E\" class=\"w-100 ld-lazyload wp-post-image\" alt=\"\" itemprop=\"image\" data-src=\"https:\/\/sysopweb.com.mx\/arzyz\/wp-content\/uploads\/2024\/05\/content-700x450.jpg\" data-aspect=\"1.5555555555556\" \/><div class=\"lqd-overlay d-flex align-items-center justify-content-center\">\n\t\t\t<div class=\"lqd-overlay lqd-overlay-bg\"><\/div>\n\t\t\t<i class=\"lqd-icn-ess icon-md-arrow-forward\"><\/i>\n\t\t<\/div><\/figure><\/div><header class=\"lqd-lp-header\">\n\t<div class=\"lqd-lp-meta lqd-lp-meta-dot-between d-flex flex-wrap align-items-center font-weight-bold text-uppercase ltr-sp-1\">\n\t\t<span class=\"screen-reader-text\">Tags <\/span><ul class=\"lqd-lp-cat reset-ul inline-ul pos-rel z-index-3\"><li><a href=\"https:\/\/sysopweb.com.mx\/arzyz\/category\/expo\/\" rel=\"category\">Expo<\/a><\/li><\/ul>\t\t<time class=\"lqd-lp-date\" datetime=\"2024-05-28T00:06:13+00:00\">2 a\u00f1os ago<\/time>\t<\/div>\n\t<h2 class=\"entry-title lqd-lp-title h5 mt-3 mb-0\"><a  href=\"https:\/\/sysopweb.com.mx\/arzyz\/hola-mundo\/\" rel=\"bookmark\">Die Casting Expo M\u00e9xico 2024<\/a><\/h2><\/header>\n<a  href=\"https:\/\/sysopweb.com.mx\/arzyz\/hola-mundo\/\" class=\"lqd-lp-overlay-link lqd-overlay lqd-cc-label-trigger z-index-2\" tab-index=\"-1\"><\/a>\n<\/article><\/div><\/div><!--\/ .row --><\/div><!--\/ .lqd-lp-grid -->\t\t<\/div>\n\t\t\t\t<\/div>\n\t\t\t\t\t<\/div>\n\t\t\t\t<\/div>\n\t\t\t\t<\/div>\n\t\t","protected":false},"excerpt":{"rendered":"<p>Noticias Tags Sin categor\u00eda 20 min ago \u00a1Bienvenido a ARZYZ! Tags Sin categor\u00eda 4 semanas ago \u00a1Hola mundo!<\/p>\n","protected":false},"author":1,"featured_media":0,"parent":0,"menu_order":0,"comment_status":"closed","ping_status":"closed","template":"","meta":{"footnotes":""},"class_list":["post-284","page","type-page","status-publish","hentry"],"_links":{"self":[{"href":"https:\/\/sysopweb.com.mx\/arzyz\/wp-json\/wp\/v2\/pages\/284","targetHints":{"allow":["GET"]}}],"collection":[{"href":"https:\/\/sysopweb.com.mx\/arzyz\/wp-json\/wp\/v2\/pages"}],"about":[{"href":"https:\/\/sysopweb.com.mx\/arzyz\/wp-json\/wp\/v2\/types\/page"}],"author":[{"embeddable":true,"href":"https:\/\/sysopweb.com.mx\/arzyz\/wp-json\/wp\/v2\/users\/1"}],"replies":[{"embeddable":true,"href":"https:\/\/sysopweb.com.mx\/arzyz\/wp-json\/wp\/v2\/comments?post=284"}],"version-history":[{"count":9,"href":"https:\/\/sysopweb.com.mx\/arzyz\/wp-json\/wp\/v2\/pages\/284\/revisions"}],"predecessor-version":[{"id":320,"href":"https:\/\/sysopweb.com.mx\/arzyz\/wp-json\/wp\/v2\/pages\/284\/revisions\/320"}],"wp:attachment":[{"href":"https:\/\/sysopweb.com.mx\/arzyz\/wp-json\/wp\/v2\/media?parent=284"}],"curies":[{"name":"wp","href":"https:\/\/api.w.org\/{rel}","templated":true}]}}