{"id":6105,"date":"2025-09-03T17:51:21","date_gmt":"2025-09-03T17:51:21","guid":{"rendered":"https:\/\/sysopweb.com.mx\/kffauto\/?post_type=product&#038;p=6105"},"modified":"2025-09-04T00:32:21","modified_gmt":"2025-09-04T00:32:21","slug":"kff-carb-choke-cleaner-limpiador-de-carburador-y-partes","status":"publish","type":"product","link":"https:\/\/sysopweb.com.mx\/kffauto\/es\/producto\/kff-carb-choke-cleaner-limpiador-de-carburador-y-partes\/","title":{"rendered":"KFF CARB &#038; CHOKE CLEANER LIMPIADOR DE CARBURADOR Y PARTES"},"content":{"rendered":"<p>Carb &amp; Choke Cleaner es un limpiador de carburador y piezas perfectamente formulado con materiales y aditivos exclusivamente seleccionados que proporcionan un rendimiento \u00f3ptimo en la eliminaci\u00f3n de gomas, barnices, lacas, dep\u00f3sitos de carb\u00f3n y todo tipo de impurezas de todos los componentes y pasajes.<\/p>\n<p><strong>PRESENTACIONES\u00a0<\/strong><\/p>\n<style>\n.table-container {<br \/>\n  width: 100%;<br \/>\n  overflow-x: auto;<br \/>\n}<\/p>\n<p>.responsive-table {<br \/>\n  border-collapse: collapse;<br \/>\n  width: 100%;<br \/>\n  min-width: 380px; \/* Evita que se deforme en pantallas chicas *\/<br \/>\n  font-family: HelveticaNeue, sans-serif;<br \/>\n}<\/p>\n<p>.responsive-table thead {<br \/>\n  background-color: #ff0000;<br \/>\n  color: white;<br \/>\n}<\/p>\n<p>.responsive-table th,<br \/>\n.responsive-table td {<br \/>\n  padding: 8px 12px;<br \/>\n  text-align: left;<br \/>\n}<\/p>\n<p>.responsive-table tbody tr:nth-child(even) {<br \/>\n  background-color: #979797;<br \/>\n}<\/p>\n<p>.responsive-table tbody tr:nth-child(odd) {<br \/>\n  background-color: #ffffff;<br \/>\n}<br \/>\n<\/style>\n<div class=\"table-container\">\n<table class=\"responsive-table\">\n<thead>\n<tr>\n<th>No. De parte<\/th>\n<th>Contenido<\/th>\n<\/tr>\n<\/thead>\n<tbody>\n<tr>\n<td>M-10002<\/td>\n<td>320 ml<\/td>\n<\/tr>\n<tr>\n<td>M-10023<\/td>\n<td>495 ml<\/td>\n<\/tr>\n<tr>\n<td>M-10027<\/td>\n<td>170 ml<\/td>\n<\/tr>\n<tr>\n<td>M-10066<\/td>\n<td>320 ml (Aero Bott)<\/td>\n<\/tr>\n<\/tbody>\n<\/table>\n<\/div>\n","protected":false},"excerpt":{"rendered":"<p>Carb &amp; Choke Cleaner es un limpiador de carburador y piezas perfectamente formulado con materiales y aditivos exclusivamente seleccionados que proporcionan un rendimiento \u00f3ptimo en la eliminaci\u00f3n de gomas, barnices, lacas, dep\u00f3sitos de carb\u00f3n y todo tipo de impurezas de todos los componentes y pasajes. PRESENTACIONES\u00a0 No. De parte Contenido M-10002 320 ml M-10023 495 ml M-10027 170 ml M-10066 320 ml (Aero Bott)<\/p>\n","protected":false},"featured_media":4047,"comment_status":"open","ping_status":"closed","template":"","meta":{"_acf_changed":false,"_jet_sm_ready_style":"","_jet_sm_style":"","_jet_sm_controls_values":"","_jet_sm_fonts_collection":"","_jet_sm_fonts_links":""},"product_brand":[],"product_cat":[85],"product_tag":[],"class_list":{"0":"post-6105","1":"product","2":"type-product","3":"status-publish","4":"has-post-thumbnail","6":"product_cat-limpiadores-en","8":"first","9":"instock","10":"shipping-taxable","11":"product-type-simple"},"acf":[],"_links":{"self":[{"href":"https:\/\/sysopweb.com.mx\/kffauto\/wp-json\/wp\/v2\/product\/6105","targetHints":{"allow":["GET"]}}],"collection":[{"href":"https:\/\/sysopweb.com.mx\/kffauto\/wp-json\/wp\/v2\/product"}],"about":[{"href":"https:\/\/sysopweb.com.mx\/kffauto\/wp-json\/wp\/v2\/types\/product"}],"replies":[{"embeddable":true,"href":"https:\/\/sysopweb.com.mx\/kffauto\/wp-json\/wp\/v2\/comments?post=6105"}],"wp:featuredmedia":[{"embeddable":true,"href":"https:\/\/sysopweb.com.mx\/kffauto\/wp-json\/wp\/v2\/media\/4047"}],"wp:attachment":[{"href":"https:\/\/sysopweb.com.mx\/kffauto\/wp-json\/wp\/v2\/media?parent=6105"}],"wp:term":[{"taxonomy":"product_brand","embeddable":true,"href":"https:\/\/sysopweb.com.mx\/kffauto\/wp-json\/wp\/v2\/product_brand?post=6105"},{"taxonomy":"product_cat","embeddable":true,"href":"https:\/\/sysopweb.com.mx\/kffauto\/wp-json\/wp\/v2\/product_cat?post=6105"},{"taxonomy":"product_tag","embeddable":true,"href":"https:\/\/sysopweb.com.mx\/kffauto\/wp-json\/wp\/v2\/product_tag?post=6105"}],"curies":[{"name":"wp","href":"https:\/\/api.w.org\/{rel}","templated":true}]}}