{"id":6151,"date":"2025-09-03T20:50:02","date_gmt":"2025-09-03T20:50:02","guid":{"rendered":"https:\/\/sysopweb.com.mx\/kffauto\/?post_type=product&#038;p=6151"},"modified":"2025-09-24T00:12:13","modified_gmt":"2025-09-24T00:12:13","slug":"refrigerante-anticongelante-kff-maxima-proteccion-de-25-c-a-123-c","status":"publish","type":"product","link":"https:\/\/sysopweb.com.mx\/kffauto\/es\/producto\/refrigerante-anticongelante-kff-maxima-proteccion-de-25-c-a-123-c\/","title":{"rendered":"Refrigerante anticongelante KFF &#8211; M\u00e1xima protecci\u00f3n de -2,5 \u00b0C a +123 \u00b0C"},"content":{"rendered":"<p style=\"text-align: justify;\">Dise\u00f1ado para mantener su motor en \u00f3ptimas condiciones, el Anticongelante Verde KFF proporciona una barrera eficaz contra el sobrecalentamiento, la oxidaci\u00f3n y la formaci\u00f3n de incrustaciones. Su f\u00f3rmula premezclada y lista para usar es ideal para cualquier tipo de veh\u00edculo, brindando protecci\u00f3n duradera en condiciones de conducci\u00f3n urbanas y en carretera.<\/p>\n<p><strong><em>PRESENTACIONES \u00a0<\/em><\/strong><\/p>\n<div style=\"width: 100%; overflow-x: auto;\">\n<table style=\"border-collapse: collapse; width: 100%; min-width: 291px; font-family: HelveticaNeue, sans-serif;\">\n<thead style=\"background-color: red; color: white;\">\n<tr>\n<th style=\"padding: 8px 12px; text-align: left;\">No. De parte<\/th>\n<th style=\"padding: 8px 12px; text-align: left;\">Contenido<\/th>\n<\/tr>\n<\/thead>\n<tbody>\n<tr style=\"background-color: #f2f2f2;\">\n<td style=\"padding: 8px 12px;\">M-10092<\/td>\n<td style=\"padding: 8px 12px;\">3.78 L<\/td>\n<\/tr>\n<tr style=\"background-color: #999; color: white;\">\n<td style=\"padding: 8px 12px;\">M-10091<\/td>\n<td style=\"padding: 8px 12px;\">19 L<\/td>\n<\/tr>\n<\/tbody>\n<\/table>\n<\/div>\n","protected":false},"excerpt":{"rendered":"<p>Dise\u00f1ado para mantener su motor en \u00f3ptimas condiciones, el Anticongelante Verde KFF proporciona una barrera eficaz contra el sobrecalentamiento, la oxidaci\u00f3n y la formaci\u00f3n de incrustaciones. Su f\u00f3rmula premezclada y lista para usar es ideal para cualquier tipo de veh\u00edculo, brindando protecci\u00f3n duradera en condiciones de conducci\u00f3n urbanas y en carretera. PRESENTACIONES \u00a0 No. De parte Contenido M-10092 3.78 L M-10091 19 L<\/p>\n","protected":false},"featured_media":3667,"comment_status":"open","ping_status":"closed","template":"","meta":{"_acf_changed":false,"_jet_sm_ready_style":"","_jet_sm_style":"","_jet_sm_controls_values":"","_jet_sm_fonts_collection":"","_jet_sm_fonts_links":""},"product_brand":[],"product_cat":[80],"product_tag":[],"class_list":{"0":"post-6151","1":"product","2":"type-product","3":"status-publish","4":"has-post-thumbnail","6":"product_cat-anticongelantes-en-es","8":"first","9":"instock","10":"shipping-taxable","11":"product-type-simple"},"acf":[],"_links":{"self":[{"href":"https:\/\/sysopweb.com.mx\/kffauto\/wp-json\/wp\/v2\/product\/6151","targetHints":{"allow":["GET"]}}],"collection":[{"href":"https:\/\/sysopweb.com.mx\/kffauto\/wp-json\/wp\/v2\/product"}],"about":[{"href":"https:\/\/sysopweb.com.mx\/kffauto\/wp-json\/wp\/v2\/types\/product"}],"replies":[{"embeddable":true,"href":"https:\/\/sysopweb.com.mx\/kffauto\/wp-json\/wp\/v2\/comments?post=6151"}],"wp:featuredmedia":[{"embeddable":true,"href":"https:\/\/sysopweb.com.mx\/kffauto\/wp-json\/wp\/v2\/media\/3667"}],"wp:attachment":[{"href":"https:\/\/sysopweb.com.mx\/kffauto\/wp-json\/wp\/v2\/media?parent=6151"}],"wp:term":[{"taxonomy":"product_brand","embeddable":true,"href":"https:\/\/sysopweb.com.mx\/kffauto\/wp-json\/wp\/v2\/product_brand?post=6151"},{"taxonomy":"product_cat","embeddable":true,"href":"https:\/\/sysopweb.com.mx\/kffauto\/wp-json\/wp\/v2\/product_cat?post=6151"},{"taxonomy":"product_tag","embeddable":true,"href":"https:\/\/sysopweb.com.mx\/kffauto\/wp-json\/wp\/v2\/product_tag?post=6151"}],"curies":[{"name":"wp","href":"https:\/\/api.w.org\/{rel}","templated":true}]}}