{"id":6152,"date":"2025-09-03T21:21:39","date_gmt":"2025-09-03T21:21:39","guid":{"rendered":"https:\/\/sysopweb.com.mx\/kffauto\/?post_type=product&#038;p=6152"},"modified":"2025-09-03T21:27:12","modified_gmt":"2025-09-03T21:27:12","slug":"kff-arrancador-de-motor","status":"publish","type":"product","link":"https:\/\/sysopweb.com.mx\/kffauto\/es\/producto\/kff-arrancador-de-motor\/","title":{"rendered":"KFF ARRANCADOR DE MOTOR"},"content":{"rendered":"<p>El Desengrasante de Motor ha sido formulado con una combinaci\u00f3n de agentes activos cuidadosamente seleccionados para brindar una limpieza profunda y eficaz. Su potente acci\u00f3n disuelve y elimina f\u00e1cilmente residuos dif\u00edciles como incrustaciones, grasa acumulada, aceite quemado, polvo adherido y otros contaminantes presentes en las superficies externas del motor. Este producto es ideal para el mantenimiento preventivo y correctivo, ya que ayuda a mantener el motor limpio, mejora la visibilidad de los componentes y facilita la detecci\u00f3n de fugas o desgaste.<\/p>\n<p><em><strong>PRESENTACIONES\u00a0<\/strong><\/em><\/p>\n<div style=\"width: 100%; overflow-x: auto;\">\n<table style=\"border-collapse: collapse; width: 100%; min-width: 291px; font-family: HelveticaNeue, sans-serif;\">\n<thead style=\"background-color: #b58000; color: white;\">\n<tr>\n<th style=\"padding: 8px 12px; text-align: left;\">No. De parte<\/th>\n<th style=\"padding: 8px 12px; text-align: left;\">Contenido<\/th>\n<\/tr>\n<\/thead>\n<tbody>\n<tr style=\"background-color: #ffffff;\">\n<td style=\"padding: 8px 12px;\">M-10003<\/td>\n<td style=\"padding: 8px 12px;\">320 ml<\/td>\n<\/tr>\n<\/tbody>\n<\/table>\n<\/div>\n","protected":false},"excerpt":{"rendered":"<p>El Desengrasante de Motor ha sido formulado con una combinaci\u00f3n de agentes activos cuidadosamente seleccionados para brindar una limpieza profunda y eficaz. Su potente acci\u00f3n disuelve y elimina f\u00e1cilmente residuos dif\u00edciles como incrustaciones, grasa acumulada, aceite quemado, polvo adherido y otros contaminantes presentes en las superficies externas del motor. Este producto es ideal para el mantenimiento preventivo y correctivo, ya que ayuda a mantener el motor limpio, mejora la visibilidad de los componentes y facilita la detecci\u00f3n de fugas o desgaste. PRESENTACIONES\u00a0 No. De parte Contenido M-10003 320 ml<\/p>\n","protected":false},"featured_media":2371,"comment_status":"open","ping_status":"closed","template":"","meta":{"_acf_changed":false,"_jet_sm_ready_style":"","_jet_sm_style":"","_jet_sm_controls_values":"","_jet_sm_fonts_collection":"","_jet_sm_fonts_links":""},"product_brand":[],"product_cat":[105],"product_tag":[],"class_list":{"0":"post-6152","1":"product","2":"type-product","3":"status-publish","4":"has-post-thumbnail","6":"product_cat-desengrasante-arrancador-y-aditivos","8":"first","9":"instock","10":"shipping-taxable","11":"product-type-simple"},"acf":[],"_links":{"self":[{"href":"https:\/\/sysopweb.com.mx\/kffauto\/wp-json\/wp\/v2\/product\/6152","targetHints":{"allow":["GET"]}}],"collection":[{"href":"https:\/\/sysopweb.com.mx\/kffauto\/wp-json\/wp\/v2\/product"}],"about":[{"href":"https:\/\/sysopweb.com.mx\/kffauto\/wp-json\/wp\/v2\/types\/product"}],"replies":[{"embeddable":true,"href":"https:\/\/sysopweb.com.mx\/kffauto\/wp-json\/wp\/v2\/comments?post=6152"}],"wp:featuredmedia":[{"embeddable":true,"href":"https:\/\/sysopweb.com.mx\/kffauto\/wp-json\/wp\/v2\/media\/2371"}],"wp:attachment":[{"href":"https:\/\/sysopweb.com.mx\/kffauto\/wp-json\/wp\/v2\/media?parent=6152"}],"wp:term":[{"taxonomy":"product_brand","embeddable":true,"href":"https:\/\/sysopweb.com.mx\/kffauto\/wp-json\/wp\/v2\/product_brand?post=6152"},{"taxonomy":"product_cat","embeddable":true,"href":"https:\/\/sysopweb.com.mx\/kffauto\/wp-json\/wp\/v2\/product_cat?post=6152"},{"taxonomy":"product_tag","embeddable":true,"href":"https:\/\/sysopweb.com.mx\/kffauto\/wp-json\/wp\/v2\/product_tag?post=6152"}],"curies":[{"name":"wp","href":"https:\/\/api.w.org\/{rel}","templated":true}]}}