{"id":2616,"date":"2025-12-24T00:03:12","date_gmt":"2025-12-24T00:03:12","guid":{"rendered":"https:\/\/sysopweb.com.mx\/kmmeetingplanners\/?page_id=2616"},"modified":"2026-04-02T16:40:34","modified_gmt":"2026-04-02T16:40:34","slug":"contacto","status":"publish","type":"page","link":"https:\/\/sysopweb.com.mx\/kmmeetingplanners\/contacto\/","title":{"rendered":"Contacto"},"content":{"rendered":"\t\t<div data-elementor-type=\"wp-page\" data-elementor-id=\"2616\" class=\"elementor elementor-2616\" data-elementor-post-type=\"page\">\n\t\t\t\t<div class=\"elementor-element elementor-element-a0f7670 e-con-full e-flex e-con e-parent\" data-id=\"a0f7670\" data-element_type=\"container\" data-e-type=\"container\" data-settings=\"{&quot;background_background&quot;:&quot;classic&quot;}\">\n\t\t<div class=\"elementor-element elementor-element-02a1024 e-con-full e-flex e-con e-child\" data-id=\"02a1024\" data-element_type=\"container\" data-e-type=\"container\">\n\t\t<div class=\"elementor-element elementor-element-34db692 e-con-full e-flex e-con e-child\" data-id=\"34db692\" data-element_type=\"container\" data-e-type=\"container\">\n\t\t\t\t<div class=\"elementor-element elementor-element-e0bc2da  ui-split-animate ui-splitby-chars elementor-invisible elementor-widget elementor-widget-heading\" data-id=\"e0bc2da\" data-element_type=\"widget\" data-e-type=\"widget\" data-settings=\"{&quot;_animation&quot;:&quot;zoomInDown&quot;,&quot;ui_animate_split&quot;:&quot;ui-split-animate&quot;,&quot;ui_animate_split_style&quot;:&quot;zoomIn&quot;,&quot;ui_animate_split_by&quot;:&quot;chars&quot;}\" data-widget_type=\"heading.default\">\n\t\t\t\t<div class=\"elementor-widget-container\">\n\t\t\t\t\t<h3 class=\"elementor-heading-title elementor-size-default\">contacto<\/h3>\t\t\t\t<\/div>\n\t\t\t\t<\/div>\n\t\t\t\t<\/div>\n\t\t\t\t<\/div>\n\t\t\t\t<\/div>\n\t\t<div class=\"elementor-element elementor-element-jl0yav8 e-flex e-con-boxed e-con e-parent\" data-id=\"jl0yav8\" data-element_type=\"container\" data-e-type=\"container\" data-settings=\"{&quot;background_background&quot;:&quot;video&quot;,&quot;background_video_link&quot;:&quot;https:\\\/\\\/sysopweb.com.mx\\\/kmmeetingplanners\\\/wp-content\\\/uploads\\\/2025\\\/07\\\/fondopiedepagina.mp4&quot;}\">\n\t\t\t\t\t<div class=\"e-con-inner\">\n\t\t<div class=\"elementor-background-video-container elementor-hidden-mobile\">\n\t\t\t\t\t\t\t<video class=\"elementor-background-video-hosted\" role=\"presentation\" autoplay muted playsinline loop><\/video>\n\t\t\t\t\t<\/div><div class=\"elementor-element elementor-element-57d05c9 e-con-full e-flex e-con e-child\" data-id=\"57d05c9\" data-element_type=\"container\" data-e-type=\"container\">\n\t\t<div class=\"elementor-element elementor-element-11e7167 e-con-full e-flex e-con e-child\" data-id=\"11e7167\" data-element_type=\"container\" data-e-type=\"container\">\n\t\t\t\t<div class=\"elementor-element elementor-element-10da877 elementor-invisible elementor-widget elementor-widget-heading\" data-id=\"10da877\" data-element_type=\"widget\" data-e-type=\"widget\" data-settings=\"{&quot;_animation&quot;:&quot;fadeInUp&quot;}\" data-widget_type=\"heading.default\">\n\t\t\t\t<div class=\"elementor-widget-container\">\n\t\t\t\t\t<h2 class=\"elementor-heading-title elementor-size-default\">KM Meeting Planners \n<\/h2>\t\t\t\t<\/div>\n\t\t\t\t<\/div>\n\t\t\t\t<\/div>\n\t\t\t\t<\/div>\n\t\t<div class=\"elementor-element elementor-element-8455e95 e-con-full animated-slow e-flex elementor-invisible e-con e-child\" data-id=\"8455e95\" data-element_type=\"container\" data-e-type=\"container\" data-settings=\"{&quot;background_background&quot;:&quot;classic&quot;,&quot;animation&quot;:&quot;fadeInUp&quot;}\">\n\t\t\t\t<div class=\"elementor-element elementor-element-33f308d elementor-invisible elementor-widget elementor-widget-heading\" data-id=\"33f308d\" data-element_type=\"widget\" data-e-type=\"widget\" data-settings=\"{&quot;_animation&quot;:&quot;fadeInUp&quot;}\" data-widget_type=\"heading.default\">\n\t\t\t\t<div class=\"elementor-widget-container\">\n\t\t\t\t\t<h2 class=\"elementor-heading-title elementor-size-default\">Cotiza con nosotros<\/h2>\t\t\t\t<\/div>\n\t\t\t\t<\/div>\n\t\t\t\t<div class=\"elementor-element elementor-element-4401921 elementor-widget__width-inherit elementor-button-align-stretch elementor-widget elementor-widget-form\" data-id=\"4401921\" data-element_type=\"widget\" data-e-type=\"widget\" data-settings=\"{&quot;step_next_label&quot;:&quot;Next&quot;,&quot;step_previous_label&quot;:&quot;Previous&quot;,&quot;button_width&quot;:&quot;100&quot;,&quot;step_type&quot;:&quot;number_text&quot;,&quot;step_icon_shape&quot;:&quot;circle&quot;}\" data-widget_type=\"form.default\">\n\t\t\t\t<div class=\"elementor-widget-container\">\n\t\t\t\t\t\t\t<form class=\"elementor-form\" method=\"post\" name=\"New Form\" aria-label=\"New Form\">\n\t\t\t<input type=\"hidden\" name=\"post_id\" value=\"2616\"\/>\n\t\t\t<input type=\"hidden\" name=\"form_id\" value=\"4401921\"\/>\n\t\t\t<input type=\"hidden\" name=\"referer_title\" value=\"Contacto\" \/>\n\n\t\t\t\t\t\t\t<input type=\"hidden\" name=\"queried_id\" value=\"2616\"\/>\n\t\t\t\n\t\t\t<div class=\"elementor-form-fields-wrapper elementor-labels-above\">\n\t\t\t\t\t\t\t\t<div class=\"elementor-field-type-text elementor-field-group elementor-column elementor-field-group-name elementor-col-50 elementor-field-required\">\n\t\t\t\t\t\t\t\t\t\t\t\t<label for=\"form-field-name\" class=\"elementor-field-label\">\n\t\t\t\t\t\t\t\tNombre\t\t\t\t\t\t\t<\/label>\n\t\t\t\t\t\t\t\t\t\t\t\t\t\t<input size=\"1\" type=\"text\" name=\"form_fields[name]\" id=\"form-field-name\" class=\"elementor-field elementor-size-sm  elementor-field-textual\" placeholder=\"Nombre\" required=\"required\">\n\t\t\t\t\t\t\t\t\t\t\t<\/div>\n\t\t\t\t\t\t\t\t<div class=\"elementor-field-type-text elementor-field-group elementor-column elementor-field-group-email elementor-col-50 elementor-field-required\">\n\t\t\t\t\t\t\t\t\t\t\t\t<label for=\"form-field-email\" class=\"elementor-field-label\">\n\t\t\t\t\t\t\t\tEmpresa\t\t\t\t\t\t\t<\/label>\n\t\t\t\t\t\t\t\t\t\t\t\t\t\t<input size=\"1\" type=\"text\" name=\"form_fields[email]\" id=\"form-field-email\" class=\"elementor-field elementor-size-sm  elementor-field-textual\" placeholder=\"Empresa\" required=\"required\">\n\t\t\t\t\t\t\t\t\t\t\t<\/div>\n\t\t\t\t\t\t\t\t<div class=\"elementor-field-type-text elementor-field-group elementor-column elementor-field-group-field_9c39130 elementor-col-50 elementor-field-required\">\n\t\t\t\t\t\t\t\t\t\t\t\t<label for=\"form-field-field_9c39130\" class=\"elementor-field-label\">\n\t\t\t\t\t\t\t\tPuesto\t\t\t\t\t\t\t<\/label>\n\t\t\t\t\t\t\t\t\t\t\t\t\t\t<input size=\"1\" type=\"text\" name=\"form_fields[field_9c39130]\" id=\"form-field-field_9c39130\" class=\"elementor-field elementor-size-sm  elementor-field-textual\" placeholder=\"Puesto\" required=\"required\">\n\t\t\t\t\t\t\t\t\t\t\t<\/div>\n\t\t\t\t\t\t\t\t<div class=\"elementor-field-type-tel elementor-field-group elementor-column elementor-field-group-field_326d8fe elementor-col-50 elementor-field-required\">\n\t\t\t\t\t\t\t\t\t\t\t\t<label for=\"form-field-field_326d8fe\" class=\"elementor-field-label\">\n\t\t\t\t\t\t\t\tCelular\t\t\t\t\t\t\t<\/label>\n\t\t\t\t\t\t\t\t<input size=\"1\" type=\"tel\" name=\"form_fields[field_326d8fe]\" id=\"form-field-field_326d8fe\" class=\"elementor-field elementor-size-sm  elementor-field-textual\" placeholder=\"Celular\" required=\"required\" pattern=\"[0-9()#&amp;+*-=.]+\" title=\"Only numbers and phone characters (#, -, *, etc) are accepted.\">\n\n\t\t\t\t\t\t<\/div>\n\t\t\t\t\t\t\t\t<div class=\"elementor-field-type-email elementor-field-group elementor-column elementor-field-group-field_4e371b2 elementor-col-50 elementor-field-required\">\n\t\t\t\t\t\t\t\t\t\t\t\t<label for=\"form-field-field_4e371b2\" class=\"elementor-field-label\">\n\t\t\t\t\t\t\t\tCorreo\t\t\t\t\t\t\t<\/label>\n\t\t\t\t\t\t\t\t\t\t\t\t\t\t<input size=\"1\" type=\"email\" name=\"form_fields[field_4e371b2]\" id=\"form-field-field_4e371b2\" class=\"elementor-field elementor-size-sm  elementor-field-textual\" placeholder=\"Correo\" required=\"required\">\n\t\t\t\t\t\t\t\t\t\t\t<\/div>\n\t\t\t\t\t\t\t\t<div class=\"elementor-field-type-select elementor-field-group elementor-column elementor-field-group-field_d4b0b39 elementor-col-50 elementor-field-required\">\n\t\t\t\t\t\t\t\t\t\t\t\t<label for=\"form-field-field_d4b0b39\" class=\"elementor-field-label\">\n\t\t\t\t\t\t\t\tCiudades\t\t\t\t\t\t\t<\/label>\n\t\t\t\t\t\t\t\t<div class=\"elementor-field elementor-select-wrapper remove-before \">\n\t\t\t<div class=\"select-caret-down-wrapper\">\n\t\t\t\t<i aria-hidden=\"true\" class=\"eicon-caret-down\"><\/i>\t\t\t<\/div>\n\t\t\t<select name=\"form_fields[field_d4b0b39]\" id=\"form-field-field_d4b0b39\" class=\"elementor-field-textual elementor-size-sm\" required=\"required\">\n\t\t\t\t\t\t\t\t\t<option value=\"Monterrey \">Monterrey <\/option>\n\t\t\t\t\t\t\t\t\t<option value=\"Ciudad de M\u00e9xico \">Ciudad de M\u00e9xico <\/option>\n\t\t\t\t\t\t\t\t\t<option value=\"Guadalajara \">Guadalajara <\/option>\n\t\t\t\t\t\t\t\t\t<option value=\"Zacatecas \">Zacatecas <\/option>\n\t\t\t\t\t\t\t\t\t<option value=\"Chihuahua  \">Chihuahua  <\/option>\n\t\t\t\t\t\t\t\t\t<option value=\"Quer\u00e9taro \">Quer\u00e9taro <\/option>\n\t\t\t\t\t\t\t\t\t<option value=\"Toluca \">Toluca <\/option>\n\t\t\t\t\t\t\t\t\t<option value=\"Puebla \">Puebla <\/option>\n\t\t\t\t\t\t\t\t\t<option value=\"Tijuana \">Tijuana <\/option>\n\t\t\t\t\t\t\t\t\t<option value=\"Le\u00f3n \">Le\u00f3n <\/option>\n\t\t\t\t\t\t\t\t\t<option value=\"Aguascalientes \">Aguascalientes <\/option>\n\t\t\t\t\t\t\t\t\t<option value=\"San Luis Potos\u00ed \">San Luis Potos\u00ed <\/option>\n\t\t\t\t\t\t\t\t\t<option value=\"Canc\u00fan \">Canc\u00fan <\/option>\n\t\t\t\t\t\t\t\t\t<option value=\"Playa del Carmen \">Playa del Carmen <\/option>\n\t\t\t\t\t\t\t\t\t<option value=\"Puerto Vallarta \">Puerto Vallarta <\/option>\n\t\t\t\t\t\t\t\t\t<option value=\"Los Cabos \">Los Cabos <\/option>\n\t\t\t\t\t\t\t\t\t<option value=\"Acapulco \">Acapulco <\/option>\n\t\t\t\t\t\t\t\t\t<option value=\"M\u00e9rida \">M\u00e9rida <\/option>\n\t\t\t\t\t\t\t\t\t<option value=\"Morelia \">Morelia <\/option>\n\t\t\t\t\t\t\t\t\t<option value=\"Oaxaca \">Oaxaca <\/option>\n\t\t\t\t\t\t\t\t\t<option value=\"Saltillo \">Saltillo <\/option>\n\t\t\t\t\t\t\t\t\t<option value=\"Torre\u00f3n \">Torre\u00f3n <\/option>\n\t\t\t\t\t\t\t\t\t<option value=\"Otro \">Otro <\/option>\n\t\t\t\t\t\t\t<\/select>\n\t\t<\/div>\n\t\t\t\t\t\t<\/div>\n\t\t\t\t\t\t\t\t<div class=\"elementor-field-type-select elementor-field-group elementor-column elementor-field-group-field_e64969d elementor-col-100 elementor-field-required\">\n\t\t\t\t\t\t\t\t\t\t\t\t<label for=\"form-field-field_e64969d\" class=\"elementor-field-label\">\n\t\t\t\t\t\t\t\tTipo de evento que solicita. Poner las opciones para seleccionar\t\t\t\t\t\t\t<\/label>\n\t\t\t\t\t\t\t\t<div class=\"elementor-field elementor-select-wrapper remove-before \">\n\t\t\t<div class=\"select-caret-down-wrapper\">\n\t\t\t\t<i aria-hidden=\"true\" class=\"eicon-caret-down\"><\/i>\t\t\t<\/div>\n\t\t\t<select name=\"form_fields[field_e64969d]\" id=\"form-field-field_e64969d\" class=\"elementor-field-textual elementor-size-sm\" required=\"required\">\n\t\t\t\t\t\t\t\t\t<option value=\"Aniversario \">Aniversario <\/option>\n\t\t\t\t\t\t\t\t\t<option value=\"Inauguraci\u00f3n \">Inauguraci\u00f3n <\/option>\n\t\t\t\t\t\t\t\t\t<option value=\"Posada \">Posada <\/option>\n\t\t\t\t\t\t\t\t\t<option value=\"Family Day \">Family Day <\/option>\n\t\t\t\t\t\t\t\t\t<option value=\"Kick Off \">Kick Off <\/option>\n\t\t\t\t\t\t\t\t\t<option value=\"Premiaci\u00f3n \">Premiaci\u00f3n <\/option>\n\t\t\t\t\t\t\t\t\t<option value=\"Lanzamiento \">Lanzamiento <\/option>\n\t\t\t\t\t\t\t\t\t<option value=\"Convenci\u00f3n \">Convenci\u00f3n <\/option>\n\t\t\t\t\t\t\t\t\t<option value=\"Congreso \">Congreso <\/option>\n\t\t\t\t\t\t\t\t\t<option value=\"Cena de Gala \">Cena de Gala <\/option>\n\t\t\t\t\t\t\t\t\t<option value=\"Otro\">Otro<\/option>\n\t\t\t\t\t\t\t<\/select>\n\t\t<\/div>\n\t\t\t\t\t\t<\/div>\n\t\t\t\t\t\t\t\t<div class=\"elementor-field-type-date elementor-field-group elementor-column elementor-field-group-field_c9abb16 elementor-col-50 elementor-field-required\">\n\t\t\t\t\t\t\t\t\t\t\t\t<label for=\"form-field-field_c9abb16\" class=\"elementor-field-label\">\n\t\t\t\t\t\t\t\tFecha aproximada del evento\t\t\t\t\t\t\t<\/label>\n\t\t\t\t\t\t\n\t\t<input type=\"date\" name=\"form_fields[field_c9abb16]\" id=\"form-field-field_c9abb16\" class=\"elementor-field elementor-size-sm  elementor-field-textual elementor-date-field\" required=\"required\" pattern=\"[0-9]{4}-[0-9]{2}-[0-9]{2}\">\n\t\t\t\t\t\t<\/div>\n\t\t\t\t\t\t\t\t<div class=\"elementor-field-type-text elementor-field-group elementor-column elementor-field-group-field_28b349c elementor-col-50 elementor-field-required\">\n\t\t\t\t\t\t\t\t\t\t\t\t<label for=\"form-field-field_28b349c\" class=\"elementor-field-label\">\n\t\t\t\t\t\t\t\tRecinto donde ser\u00e1 el evento\t\t\t\t\t\t\t<\/label>\n\t\t\t\t\t\t\t\t\t\t\t\t\t\t<input size=\"1\" type=\"text\" name=\"form_fields[field_28b349c]\" id=\"form-field-field_28b349c\" class=\"elementor-field elementor-size-sm  elementor-field-textual\" placeholder=\"Recinto donde ser\u00e1 el evento\" required=\"required\">\n\t\t\t\t\t\t\t\t\t\t\t<\/div>\n\t\t\t\t\t\t\t\t<div class=\"elementor-field-type-text elementor-field-group elementor-column elementor-field-group-message elementor-col-50 elementor-field-required\">\n\t\t\t\t\t\t\t\t\t\t\t\t<label for=\"form-field-message\" class=\"elementor-field-label\">\n\t\t\t\t\t\t\t\tEvento interior o exterior \t\t\t\t\t\t\t<\/label>\n\t\t\t\t\t\t\t\t\t\t\t\t\t\t<input size=\"1\" type=\"text\" name=\"form_fields[message]\" id=\"form-field-message\" class=\"elementor-field elementor-size-sm  elementor-field-textual\" placeholder=\"Evento interior o exterior \" required=\"required\">\n\t\t\t\t\t\t\t\t\t\t\t<\/div>\n\t\t\t\t\t\t\t\t<div class=\"elementor-field-type-text elementor-field-group elementor-column elementor-field-group-field_4a559b9 elementor-col-50 elementor-field-required\">\n\t\t\t\t\t\t\t\t\t\t\t\t<label for=\"form-field-field_4a559b9\" class=\"elementor-field-label\">\n\t\t\t\t\t\t\t\tCantidad de asistentes \t\t\t\t\t\t\t<\/label>\n\t\t\t\t\t\t\t\t\t\t\t\t\t\t<input size=\"1\" type=\"text\" name=\"form_fields[field_4a559b9]\" id=\"form-field-field_4a559b9\" class=\"elementor-field elementor-size-sm  elementor-field-textual\" placeholder=\"Cantidad de asistentes \" required=\"required\">\n\t\t\t\t\t\t\t\t\t\t\t<\/div>\n\t\t\t\t\t\t\t\t<div class=\"elementor-field-group elementor-column elementor-field-type-submit elementor-col-100 e-form__buttons\">\n\t\t\t\t\t<button class=\"elementor-button elementor-size-sm elementor-animation-grow\" type=\"submit\">\n\t\t\t\t\t\t<span class=\"elementor-button-content-wrapper\">\n\t\t\t\t\t\t\t\t\t\t\t\t\t\t\t\t\t\t\t\t\t\t<span class=\"elementor-button-text\">Enviar<\/span>\n\t\t\t\t\t\t\t\t\t\t\t\t\t<\/span>\n\t\t\t\t\t<\/button>\n\t\t\t\t<\/div>\n\t\t\t<\/div>\n\t\t<\/form>\n\t\t\t\t\t\t<\/div>\n\t\t\t\t<\/div>\n\t\t\t\t<\/div>\n\t\t<div class=\"elementor-element elementor-element-7bb5f7f e-con-full e-flex e-con e-child\" data-id=\"7bb5f7f\" data-element_type=\"container\" data-e-type=\"container\">\n\t\t<div class=\"elementor-element elementor-element-2c5c97b e-grid e-con-full e-con e-child\" data-id=\"2c5c97b\" data-element_type=\"container\" data-e-type=\"container\">\n\t\t\t\t<div class=\"elementor-element elementor-element-fd53906 elementor-view-default elementor-position-block-start elementor-mobile-position-block-start elementor-invisible elementor-widget elementor-widget-icon-box\" data-id=\"fd53906\" data-element_type=\"widget\" data-e-type=\"widget\" data-settings=\"{&quot;_animation&quot;:&quot;fadeInUp&quot;}\" data-widget_type=\"icon-box.default\">\n\t\t\t\t<div class=\"elementor-widget-container\">\n\t\t\t\t\t\t\t<div class=\"elementor-icon-box-wrapper\">\n\n\t\t\t\t\t\t<div class=\"elementor-icon-box-icon\">\n\t\t\t\t<span  class=\"elementor-icon\">\n\t\t\t\t<i aria-hidden=\"true\" class=\"icon icon-map-marker1\"><\/i>\t\t\t\t<\/span>\n\t\t\t<\/div>\n\t\t\t\n\t\t\t\t\t\t<div class=\"elementor-icon-box-content\">\n\n\t\t\t\t\t\t\t\t\t<h6 class=\"elementor-icon-box-title\">\n\t\t\t\t\t\t<span  >\n\t\t\t\t\t\t\tUbicaci\u00f3n\t\t\t\t\t\t<\/span>\n\t\t\t\t\t<\/h6>\n\t\t\t\t\n\t\t\t\t\t\t\t\t\t<p class=\"elementor-icon-box-description\">\n\t\t\t\t\t\tAve. Gom\u00e9z Morin 2111  \nCol. Residencial Chipinque 1er Sector \nSan Pedro Garza Garc\u00eda, NL \n66297\t\t\t\t\t<\/p>\n\t\t\t\t\n\t\t\t<\/div>\n\t\t\t\n\t\t<\/div>\n\t\t\t\t\t\t<\/div>\n\t\t\t\t<\/div>\n\t\t\t\t<div class=\"elementor-element elementor-element-44a2be6 elementor-view-default elementor-position-block-start elementor-mobile-position-block-start elementor-invisible elementor-widget elementor-widget-icon-box\" data-id=\"44a2be6\" data-element_type=\"widget\" data-e-type=\"widget\" data-settings=\"{&quot;_animation&quot;:&quot;fadeInUp&quot;}\" data-widget_type=\"icon-box.default\">\n\t\t\t\t<div class=\"elementor-widget-container\">\n\t\t\t\t\t\t\t<div class=\"elementor-icon-box-wrapper\">\n\n\t\t\t\t\t\t<div class=\"elementor-icon-box-icon\">\n\t\t\t\t<a href=\"tel:8126240216%20\" class=\"elementor-icon\" tabindex=\"-1\" aria-label=\"Cont\u00e1ctanos \">\n\t\t\t\t<i aria-hidden=\"true\" class=\"icon icon-phone1\"><\/i>\t\t\t\t<\/a>\n\t\t\t<\/div>\n\t\t\t\n\t\t\t\t\t\t<div class=\"elementor-icon-box-content\">\n\n\t\t\t\t\t\t\t\t\t<h6 class=\"elementor-icon-box-title\">\n\t\t\t\t\t\t<a href=\"tel:8126240216%20\" >\n\t\t\t\t\t\t\tCont\u00e1ctanos \t\t\t\t\t\t<\/a>\n\t\t\t\t\t<\/h6>\n\t\t\t\t\n\t\t\t\t\t\t\t\t\t<p class=\"elementor-icon-box-description\">\n\t\t\t\t\t\t81 2624 0216 \n\t\t\t\t\t<\/p>\n\t\t\t\t\n\t\t\t<\/div>\n\t\t\t\n\t\t<\/div>\n\t\t\t\t\t\t<\/div>\n\t\t\t\t<\/div>\n\t\t\t\t<\/div>\n\t\t\t\t<\/div>\n\t\t\t\t\t<\/div>\n\t\t\t\t<\/div>\n\t\t<div class=\"elementor-element elementor-element-gybg19e e-con-full e-flex elementor-invisible e-con e-parent\" data-id=\"gybg19e\" data-element_type=\"container\" data-e-type=\"container\" data-settings=\"{&quot;animation&quot;:&quot;fadeInUp&quot;}\">\n\t\t\t\t<div class=\"elementor-element elementor-element-e5f0ab1 elementor-widget elementor-widget-google_maps\" data-id=\"e5f0ab1\" data-element_type=\"widget\" data-e-type=\"widget\" data-widget_type=\"google_maps.default\">\n\t\t\t\t<div class=\"elementor-widget-container\">\n\t\t\t\t\t\t\t<div class=\"elementor-custom-embed\">\n\t\t\t<iframe loading=\"lazy\"\n\t\t\t\t\tsrc=\"https:\/\/maps.google.com\/maps?q=Ave.%20Gom%C3%A9z%20Morin%202111%20Col.%20Residencial%20Chipinque%201er%20Sector%20%20San%20Pedro%20Garza%20Garc%C3%ADa%2C%20NL%20%2066297%20&#038;t=m&#038;z=12&#038;output=embed&#038;iwloc=near\"\n\t\t\t\t\ttitle=\"Ave. Gom\u00e9z Morin 2111 Col. Residencial Chipinque 1er Sector  San Pedro Garza Garc\u00eda, NL  66297 \"\n\t\t\t\t\taria-label=\"Ave. Gom\u00e9z Morin 2111 Col. Residencial Chipinque 1er Sector  San Pedro Garza Garc\u00eda, NL  66297 \"\n\t\t\t><\/iframe>\n\t\t<\/div>\n\t\t\t\t\t\t<\/div>\n\t\t\t\t<\/div>\n\t\t\t\t<\/div>\n\t\t\t\t<\/div>\n\t\t","protected":false},"excerpt":{"rendered":"<p>contacto KM Meeting Planners Cotiza con nosotros Ubicaci\u00f3n Ave. Gom\u00e9z Morin 2111 Col. Residencial Chipinque 1er Sector San Pedro Garza Garc\u00eda, NL 66297 Cont\u00e1ctanos 81 2624 0216<\/p>\n","protected":false},"author":1,"featured_media":0,"parent":0,"menu_order":0,"comment_status":"closed","ping_status":"closed","template":"","meta":{"_joinchat":[],"footnotes":""},"class_list":["post-2616","page","type-page","status-publish","hentry"],"_links":{"self":[{"href":"https:\/\/sysopweb.com.mx\/kmmeetingplanners\/wp-json\/wp\/v2\/pages\/2616","targetHints":{"allow":["GET"]}}],"collection":[{"href":"https:\/\/sysopweb.com.mx\/kmmeetingplanners\/wp-json\/wp\/v2\/pages"}],"about":[{"href":"https:\/\/sysopweb.com.mx\/kmmeetingplanners\/wp-json\/wp\/v2\/types\/page"}],"author":[{"embeddable":true,"href":"https:\/\/sysopweb.com.mx\/kmmeetingplanners\/wp-json\/wp\/v2\/users\/1"}],"replies":[{"embeddable":true,"href":"https:\/\/sysopweb.com.mx\/kmmeetingplanners\/wp-json\/wp\/v2\/comments?post=2616"}],"version-history":[{"count":52,"href":"https:\/\/sysopweb.com.mx\/kmmeetingplanners\/wp-json\/wp\/v2\/pages\/2616\/revisions"}],"predecessor-version":[{"id":2953,"href":"https:\/\/sysopweb.com.mx\/kmmeetingplanners\/wp-json\/wp\/v2\/pages\/2616\/revisions\/2953"}],"wp:attachment":[{"href":"https:\/\/sysopweb.com.mx\/kmmeetingplanners\/wp-json\/wp\/v2\/media?parent=2616"}],"curies":[{"name":"wp","href":"https:\/\/api.w.org\/{rel}","templated":true}]}}